{"id":233,"date":"2020-10-23T06:11:39","date_gmt":"2020-10-23T06:11:39","guid":{"rendered":"https:\/\/amsign.fi\/?page_id=233"},"modified":"2024-10-25T06:11:46","modified_gmt":"2024-10-25T06:11:46","slug":"saavutettavuusseloste","status":"publish","type":"page","link":"https:\/\/amsign.fi\/index.php\/saavutettavuusseloste\/","title":{"rendered":"Saavutettavuusseloste"},"content":{"rendered":"\n<p>Amsign on sitoutunut takaamaan verkkosivustojensa saavutettavuuden&nbsp;<a rel=\"noreferrer noopener\" href=\"https:\/\/vm.fi\/saavutettavuusdirektiivi\" target=\"_blank\">EU:n saavutettavuusdirektiivin<\/a>&nbsp;mukaisesti.<\/p>\n\n\n\n<p>Saavutettavuusdirektiivin tarkoituksena on varmistaa, ett\u00e4 verkkosivut ja niiden sis\u00e4ll\u00f6t ovat sellaisia, ett\u00e4 kuka tahansa voi k\u00e4ytt\u00e4\u00e4 niit\u00e4 ja ymm\u00e4rt\u00e4\u00e4, mit\u00e4 sivuilla sanotaan. Lain saavutettavuusvaatimukset tulivat voimaan 23.9.2020.<\/p>\n\n\n\n<p>Amsignin&nbsp;saavutettavuusseloste koskee sivustoa:<\/p>\n\n\n\n<ul class=\"wp-block-list\">\n<li><a href=\"http:\/\/www.amsign.fi\/\">amsign.fi<\/a><\/li>\n<\/ul>\n\n\n\n<p>Amsignin tavoitteena on taata teknisesti saavutettavat, sis\u00e4ll\u00f6llisesti ymm\u00e4rrett\u00e4v\u00e4t ja k\u00e4ytt\u00f6liittym\u00e4lt\u00e4\u00e4n selke\u00e4t ja helppok\u00e4ytt\u00f6iset verkkosivut kaikenlaisille k\u00e4ytt\u00e4jille.<\/p>\n\n\n\n<p>Selosteen tiedot perustuvat saavutettavuusdirektiiviin ja itsearvioon ja testaukseen. Amsignin\u00a0sivusto ja t\u00e4m\u00e4 saavutettavuusseloste on p\u00e4ivitetty viimeksi 25.10.2024 .<\/p>\n\n\n\n<p>Otan mielell\u00e4ni vastaan palautetta, kysymyksi\u00e4 ja parannusehdotuksia&nbsp;Amsignin verkkosivujen saavutettavuutta koskien osoitteeseen&nbsp;amanda.jouhki@amsign.fi. <\/p>\n\n\n\n<p><a href=\"https:\/\/www.saavutettavuusvaatimukset.fi\/\" target=\"_blank\" rel=\"noreferrer noopener\">Lis\u00e4tietoja saavutettavuudesta Aluehallintoviraston verkkosivuilta.<\/a><\/p>\n\n\n\n<p><\/p>\n","protected":false},"excerpt":{"rendered":"<p>Amsign on sitoutunut takaamaan verkkosivustojensa saavutettavuuden&nbsp;EU:n saavutettavuusdirektiivin&nbsp;mukaisesti. Saavutettavuusdirektiivin tarkoituksena on varmistaa, ett\u00e4 verkkosivut ja niiden sis\u00e4ll\u00f6t ovat sellaisia, ett\u00e4 kuka[&#8230;]<\/p>\n","protected":false},"author":1,"featured_media":0,"parent":0,"menu_order":0,"comment_status":"closed","ping_status":"closed","template":"","meta":{"footnotes":""},"class_list":["post-233","page","type-page","status-publish","hentry"],"_links":{"self":[{"href":"https:\/\/amsign.fi\/index.php\/wp-json\/wp\/v2\/pages\/233","targetHints":{"allow":["GET"]}}],"collection":[{"href":"https:\/\/amsign.fi\/index.php\/wp-json\/wp\/v2\/pages"}],"about":[{"href":"https:\/\/amsign.fi\/index.php\/wp-json\/wp\/v2\/types\/page"}],"author":[{"embeddable":true,"href":"https:\/\/amsign.fi\/index.php\/wp-json\/wp\/v2\/users\/1"}],"replies":[{"embeddable":true,"href":"https:\/\/amsign.fi\/index.php\/wp-json\/wp\/v2\/comments?post=233"}],"version-history":[{"count":3,"href":"https:\/\/amsign.fi\/index.php\/wp-json\/wp\/v2\/pages\/233\/revisions"}],"predecessor-version":[{"id":272,"href":"https:\/\/amsign.fi\/index.php\/wp-json\/wp\/v2\/pages\/233\/revisions\/272"}],"wp:attachment":[{"href":"https:\/\/amsign.fi\/index.php\/wp-json\/wp\/v2\/media?parent=233"}],"curies":[{"name":"wp","href":"https:\/\/api.w.org\/{rel}","templated":true}]}}