{"id":106,"date":"2017-10-07T09:56:59","date_gmt":"2017-10-07T09:56:59","guid":{"rendered":"http:\/\/amsign.fi\/?page_id=106"},"modified":"2024-10-31T06:13:54","modified_gmt":"2024-10-31T06:13:54","slug":"hatatilanne","status":"publish","type":"page","link":"https:\/\/amsign.fi\/index.php\/palvelut\/hatatilanne\/","title":{"rendered":"H\u00e4t\u00e4tilanne"},"content":{"rendered":"\n<h2 class=\"wp-block-heading\"><span style=\"color: #333333;\"><strong>H\u00e4t\u00e4tekstiviestipalvelu<\/strong><\/span><\/h2>\n\n\n\n<p><span style=\"color: #000000;\">Jos tarvitset apua vakavassa henke\u00e4, terveytt\u00e4 tai ymp\u00e4rist\u00f6\u00e4 haittaavassa tai uhkaavassa h\u00e4t\u00e4tilanteessa, ilmoita asiasta valtakunnalliseen h\u00e4t\u00e4numeroon<\/span> <strong><span style=\"color: #ff0000;\">112.<\/span>&nbsp;<\/strong><span style=\"color: #000000;\">Jos kuulet ja pystyt tuottamaan itse puhetta, tee h\u00e4t\u00e4ilmoitus tavallisesti soittamalla.&nbsp;<\/span><span style=\"color: #ff0000;\">H\u00e4t\u00e4ilmoitus tekstiviestill\u00e4 tehd\u00e4\u00e4n my\u00f6s yleiseen h\u00e4t\u00e4numeroon<\/span> <strong><span style=\"color: #ff0000;\">112.<\/span><\/strong><span style=\"color: #ff0000;\"><span style=\"color: #333333;\">&nbsp; Tekstiviestipalvelun k\u00e4ytt\u00e4j\u00e4n pit\u00e4\u00e4 ensin rekister\u00f6ity\u00e4 h\u00e4t\u00e4tekstiviestipalveluun, jotta h\u00e4t\u00e4viestin voi l\u00e4hett\u00e4\u00e4 onnistuneesti. L\u00f6yd\u00e4t lis\u00e4\u00e4 tietoa alla olevista linkeist\u00e4:&nbsp;<\/span><\/span><\/p>\n\n\n\n<p><a href=\"https:\/\/www.112.fi\/hatanumero_112\/hatatekstiviesti\" target=\"_blank\" rel=\"noopener\">Lis\u00e4\u00e4 tietoa h\u00e4t\u00e4viestipalveluun rekister\u00f6itymisest\u00e4<\/a><\/p>\n\n\n\n<p><a href=\"https:\/\/www.youtube.com\/watch?v=qY065EytcU0\" target=\"_blank\" rel=\"noopener\">Lis\u00e4\u00e4 tietoa h\u00e4t\u00e4tekstiviestipalvelusta (VIITOTTU VIDEO)<\/a><\/p>\n\n\n\n<h2 class=\"wp-block-heading\">Tulkin h\u00e4t\u00e4p\u00e4ivystys<\/h2>\n\n\n\n<p><span style=\"color: #000000;\">Jos olet \u00e4killisess\u00e4 h\u00e4t\u00e4tilanteessa, jossa sinun tai l\u00e4heisesi henki, terveys, turvallisuus tai omaisuus ovat uhattuna ja tarvitset kiireellisesti tulkkausta, voit ottaa yhteytt\u00e4&nbsp; suoraan Amanda Jouhkiin&nbsp; numeroon:<\/span><\/p>\n\n\n\n<p><strong><span style=\"color: #000000;\">+358 50 358 1551<\/span><\/strong><\/p>\n\n\n\n<ul class=\"wp-block-list\">\n<li><span style=\"color: #000000;\">l\u00e4hett\u00e4m\u00e4ll\u00e4 tekstiviesti<\/span><\/li>\n\n\n\n<li><span style=\"color: #000000;\">videopuhelulla (WhatsApp tai FaceTime)\u00a0<\/span><\/li>\n\n\n\n<li><span style=\"color: #000000;\">soittamalla<\/span><\/li>\n<\/ul>\n\n\n\n<p><span style=\"color: #000000;\"><em>Pyrin vastaamaan yhteydenottoosi lyhyell\u00e4 varjoitusajalla, se ei kuitenkaan ole velvollisuus! <\/em><\/span><\/p>\n\n\n\n<p><span style=\"color: #000000;\"><em>Jos en vastaa, otathan yhteytt\u00e4 toiseen tulkkiin.<\/em><\/span><\/p>\n\n\n\n<p><\/p>\n\n\n\n<p><\/p>\n","protected":false},"excerpt":{"rendered":"<p>H\u00e4t\u00e4tekstiviestipalvelu Jos tarvitset apua vakavassa henke\u00e4, terveytt\u00e4 tai ymp\u00e4rist\u00f6\u00e4 haittaavassa tai uhkaavassa h\u00e4t\u00e4tilanteessa, ilmoita asiasta valtakunnalliseen h\u00e4t\u00e4numeroon 112.&nbsp;Jos kuulet ja[&#8230;]<\/p>\n","protected":false},"author":1,"featured_media":0,"parent":24,"menu_order":0,"comment_status":"closed","ping_status":"closed","template":"","meta":{"footnotes":""},"class_list":["post-106","page","type-page","status-publish","hentry"],"_links":{"self":[{"href":"https:\/\/amsign.fi\/index.php\/wp-json\/wp\/v2\/pages\/106","targetHints":{"allow":["GET"]}}],"collection":[{"href":"https:\/\/amsign.fi\/index.php\/wp-json\/wp\/v2\/pages"}],"about":[{"href":"https:\/\/amsign.fi\/index.php\/wp-json\/wp\/v2\/types\/page"}],"author":[{"embeddable":true,"href":"https:\/\/amsign.fi\/index.php\/wp-json\/wp\/v2\/users\/1"}],"replies":[{"embeddable":true,"href":"https:\/\/amsign.fi\/index.php\/wp-json\/wp\/v2\/comments?post=106"}],"version-history":[{"count":2,"href":"https:\/\/amsign.fi\/index.php\/wp-json\/wp\/v2\/pages\/106\/revisions"}],"predecessor-version":[{"id":285,"href":"https:\/\/amsign.fi\/index.php\/wp-json\/wp\/v2\/pages\/106\/revisions\/285"}],"up":[{"embeddable":true,"href":"https:\/\/amsign.fi\/index.php\/wp-json\/wp\/v2\/pages\/24"}],"wp:attachment":[{"href":"https:\/\/amsign.fi\/index.php\/wp-json\/wp\/v2\/media?parent=106"}],"curies":[{"name":"wp","href":"https:\/\/api.w.org\/{rel}","templated":true}]}}